igit of m?
9
Suppose -b + 9 = -116. What is the hundreds digit of b?
1
Let q(c) = c**3 + 5*c**2 - 4*c - 6. What is the units digit of q(-5)?
4
Let x = 12 - 4. Suppose -y = -x + 1. What is the units digit of y?
7
Suppose -3*j + 2*v + 840 = 0, 3*j + 4*v - 360 = 462. What is the tens digit of j?
7
What is the tens digit of ((-10)/15)/(2/(-96))?
3
Let c = 3 - 1. Suppose 3*f + 16 = 2*a, -c*f - 4*a = 11 + 21. Let p = -6 - f. What is the units digit of p?
2
Suppose 3*v - 102 = -0*v + 2*t, -5*v + 157 = t. What is the units digit of v?
2
What is the units digit of (1/4)/((-14)/(-1288))?
3
Let p(d) = 11*d + 3. Let n be p(3). What is the tens digit of (n/(-2))/((-21)/14)?
1
Suppose 0 = 5*m + 5*u - 20, 5*m + 4 = 2*u + u. What is the units digit of (-12)/(-6) - (m - 2)?
3
Let g = 6 + -5. Let i(h) = 2*h + 0*h - 3 - 2 - g. What is the units digit of i(5)?
4
Let r be 24/(-16) - 9/2. Let p(u) = u**2 + 6*u + 4. What is the units digit of p(r)?
4
Suppose -6*b - 11 = -5. What is the tens digit of 5 + b - (4 - 34)?
3
What is the units digit of 170 + (-10 - -5) - (1 + -3)?
7
Let j = -11 + 12. Let h(s) = 10*s**3 + s**2 - 2*s + 1. What is the units digit of h(j)?
0
Let j be ((-11)/(-1))/((-2)/(-8)). Suppose 5*b + q - 9 = 0, 6 = -b + 3*b - 2*q. Suppose b*i = -4*w + 4*i + j, -4*i - 28 = -2*w. What is the units digit of w?
0
What is the tens digit of (-21)/6*234/(-9)?
9
Let u = -18 - -26. Let y = 13 - u. What is the units digit of y?
5
Suppose i - 12 = -0*i + 3*b, 0 = -2*i - 4*b + 34. Let m = -7 + i. What is the units digit of m?
8
Let d be (-1*2)/((-6)/39). Let f = -2 + d. What is the tens digit of f*(0 + 0 + 1)?
1
Let k be (16 + 0 - -1)/1. Suppose -12*s - 175 = -k*s. What is the tens digit of s?
3
Let q(n) = -8*n**2 + n + 34 + n**3 + 8*n**2. What is the units digit of q(0)?
4
Suppose -3*d + 6*d = -2*p - 5, 0 = -4*p - 5*d - 5. Suppose r + p = -u + 27, -3*r = u - 72. What is the units digit of r?
5
Suppose -2*z + 6*z = 16. Let v be (-3)/(z + -1) + 21. Suppose -v = -5*m - 5. What is the units digit of m?
3
Suppose -2*p + 4 = 5*u, u = 3*u - 2*p - 10. Suppose 0 = -3*f + 1 + u. What is the units digit of f?
1
Let n(d) = 7*d**3 + d**2 - d + 1. Let b(o) = o - 8. Let h be b(7). Let q = 2 + h. What is the units digit of n(q)?
8
Let s(a) = -1. Let z(d) = d. Let f(x) = -s(x) - 3*z(x). What is the units digit of f(-5)?
6
Let f(n) = -n**3 - 7*n**2 + 10*n - 11. Let u be f(-8). Let r = u - -38. What is the tens digit of r?
1
Let o be (-135)/(-10)*(-2)/(-3). Suppose 3*s - o = -0. Suppose -s*p + 30 = 2*a, 0 = 5*p + a - 4*a - 50. What is the units digit of p?
0
Suppose 2*z + 3 = -5*k - 1, k + z = 1. What is the units digit of ((-1)/2)/(k/16)?
4
Let z(h) = -h**3 - h**2 + 4*h + 83. What is the tens digit of z(0)?
8
Suppose -2*f - 10 = -3*h - 3*f, -8 = -3*h + f. Suppose -15 = -5*a - w, 3*a + w - 6 = h. Suppose 0 = a*j - 9 - 9. What is the units digit of j?
6
Suppose 7*l + 15 = 2*l. Let d(j) = j + 4. What is the units digit of d(l)?
1
What is the units digit of (-1)/(6/51)*-4?
4
Suppose -3*s - 191 = j, 47 = -5*s + 4*s + 3*j. Let b = -31 - s. What is the units digit of b?
1
Suppose 5*b + 2 = 2*o - 4, -3*o - 2*b + 9 = 0. Let t = o - -17. What is the units digit of t?
0
Suppose -4*p + 3*p - 1 = 2*f, -4*p + 2*f = 14. Suppose 0 = -2*o - 4*i - 1 - 3, -3*i = -3*o + 21. Let d = o + p. What is the units digit of d?
1
Let t be 2/(3 - 87/30). Let d = t + -2. What is the units digit of d?
8
Suppose -4*v + 381 = 29. What is the tens digit of v?
8
Let j(p) = p**2 - 12*p - 7. Let n be j(11). What is the tens digit of -1*(-3 + n - 0)?
2
Let z be 7 - 2/((-4)/(-6)). Suppose z*k = 2*k + 24. What is the tens digit of k?
1
Let q = 1 + 1. What is the units digit of q + 0/(-2) + 2?
4
Let z = 19 - 8. Let a = 2 + z. What is the units digit of a?
3
Let c(d) = d**3 + 2*d + 4. Let x be c(0). Suppose -5*w + 29 = -x*r, 3*w = -0*w - r + 31. What is the units digit of w?
9
Let h = -61 - -112. What is the tens digit of h?
5
Let n = 46 - -8. Let u = n + -32. What is the tens digit of u?
2
Let j = -2 + 16. Suppose -2*l - 2*l = b + 4, 0 = 2*b - 3*l - j. What is the units digit of b?
4
Suppose 0 = 4*r - 2*r - 136. Suppose 0 = -2*h - 2*b - b + 23, -5*h - 4*b + r = 0. What is the units digit of h?
6
Let b = 4 - 1. Suppose 2*v + 2*v = 0. Suppose 2*j + b*t = -6, 4*t - t + 12 = v. What is the units digit of j?
3
Let t = 82 + -58. What is the units digit of t?
4
Suppose 5*u + 26 - 174 = -4*o, -3*u - 5*o = -94. Let i = -14 + u. What is the tens digit of i?
1
What is the tens digit of (-730)/(-3) + 0 + (-2)/6?
4
What is the tens digit of (-6)/33 - (3702/(-33) + 1)?
1
What is the units digit of (-1)/(-3) + 210/18?
2
Let d(r) = -r + 7. Let g(j) = 2*j - 8. Let u(i) = -3*d(i) - 2*g(i). Let f be u(-7). What is the units digit of 5/3 + f/(-3)?
1
Let h(n) = 2*n**2 + 2*n - 1. Let d be h(2). Let v be (6/(-4) - -3)/(6/8). Suppose -15 = -v*i + d. What is the tens digit of i?
1
Suppose -2*d = h + 14, 2*d + 2*h = d - 13. Let t = d - -9. Suppose v - t = -v. What is the units digit of v?
2
Suppose 4*z = -5*i + 24, 4 + 2 = i + 2*z. Suppose -i*d + 30 + 6 = 0. What is the units digit of d?
9
Suppose -2*r = k - 6*k + 1024, -5*k - 2*r = -1016. What is the tens digit of k?
0
Suppose 3*w = 3*l, -2*l + 7*l + 4*w = 9. What is the units digit of l?
1
Suppose 444 + 131 = 23*z. What is the units digit of z?
5
Let v(g) = g**3 - g - 1. Let r(k) = -4*k**3 + 12*k**2 + 2*k + 20. Let x(n) = r(n) + 3*v(n). What is the units digit of x(12)?
5
Let i(f) = -f - 8. Let d(o) = o**3 - 9*o**2 - 2*o + 10. Let a be d(9). Let h be i(a). What is the units digit of (h - -33)*1/3?
1
Let j(m) = -m**3 + 7*m**2 - 9. Let b be j(7). What is the units digit of (0 - -2) + (1 - b)?
2
Let a(m) = -m**3 - m**2 - m. Let j be 8/2*2/(-4). Let w be a(j). What is the units digit of 9/w - (-6)/4?
3
Let f = -96 - -149. Let z be 4/(-16) - f/(-4). What is the units digit of (-5 - (-2 - 0)) + z?
0
Let l be (-4)/((-8)/(-3))*16. Let p be (-2)/3 - (-128)/l. What is the units digit of p/(-3)*(-3 + 7)?
8
Suppose -2*o - 8 - 4 = 0. Let h = -1 - o. What is the units digit of h?
5
Suppose -8 = -4*l, -106 = -4*f - 0*f - 3*l. Suppose 4 = j - 4*o - f, -2*j = -5*o - 49. What is the tens digit of j?
1
Let t(g) = -88*g**3 + 3*g**2 + 3*g + 2. What is the units digit of t(-1)?
0
Suppose -4*c + 3*t = 42 - 107, -2*t = -c + 10. What is the units digit of c?
0
Let l(h) = -h + 35. Let g be l(0). Suppose -g = -8*y + 3*y - 3*b, 4*y - 28 = -b. Suppose -3*k - 16 = -y*k. What is the units digit of k?
4
Suppose 2*m - 4*j + 19 = 61, -3*m + 5*j = -58. Let f(p) = -p - 1. Let u be f(4). Let o = u + m. What is the units digit of o?
6
Let f = 6 + 27. Suppose -f = v - 4*v. What is the tens digit of v?
1
Suppose -b = 3*f + 3*b - 33, 3*b - 9 = 0. Suppose 0 = 5*r - 8 - f. Suppose r*u + 36 = 5*u. What is the units digit of u?
8
Let t(s) = -2*s**2 + s - 3*s**2 + 2*s**3 + 4 + 3*s**2. What is the tens digit of t(2)?
1
Let z(i) = i**3 + 16*i**2 + 29*i + 2. What is the units digit of z(-13)?
2
Suppose 3*h - 73 = -10. What is the tens digit of h?
2
What is the tens digit of 1*-2 - (-18 - 51)?
6
Suppose -2*m = 5*d + m - 103, -5*m = d - 3. What is the units digit of d?
3
Let h = -30 - -57. What is the units digit of h?
7
Suppose -l - y = 3*y - 23, -5*l + 3*y + 184 = 0. What is the tens digit of l?
3
Let a(w) = -13*w. Let f be a(-2). Let x = -5 + f. What is the tens digit of x?
2
Let y = -33 - -162. What is the tens digit of y?
2
Let q be (28/21)/((-4)/(-6)). Suppose 115 = 5*p + 7*z - q*z, -2*p + 5*z = -60. What is the tens digit of p?
2
Suppose 0 = -2*o + h + 9, 0 = 2*o - 0*h - 2*h - 8. Suppose -8*r + o*r = -18. What is the units digit of r?
6
Let v(z) = -6*z + 13. What is the tens digit of v(-12)?
8
Suppose 3*c + 2*c = 2*y + 16, 26 = 4*c + 5*y. Let p = c + -3. What is the units digit of p?
1
Suppose 2*x = -x - 60. Let c = 40 + x. What is the units digit of c?
0
Let j = 1 - -11. Suppose -2*n + 13 = 3*x, 0*x - 2*n + j = 2*x. Suppose 2*p - 22 = 4*a, 2*a + x = -5*p - 2*a. What is the units digit of p?
3
Let d(p) = p + 2. Let s be d(0). Suppose -o = s*o - 12. What is the units digit of o?
4
Let o = 2 - 3. Let f(m) = -5*m**3 - m - 1. What is the units digit of f(o)?
5
Let y be (-1)/(0 - (3 - 2)). Let a(u) = u**3 + u - 1. What is the units digit of 